Stormwatcher's Retreat Logo




  April 
  2018 

(Stormwatcher's Retreat has reports since Sep 2013)
                   MONTHLY CLIMATOLOGICAL SUMMARY for APR. 2018

NAME: StormwatchersRetreat   CITY: Yachats   STATE: OR 
ELEV:    67 ft  LAT:  44° 18' 49" N  LONG: 124° 06' 28" W

                   TEMPERATURE (°F), RAIN  (in), WIND SPEED (mph)

                                      HEAT  COOL        AVG
    MEAN                              DEG   DEG         WIND                 DOM
DAY TEMP  HIGH   TIME   LOW    TIME   DAYS  DAYS  RAIN  SPEED HIGH   TIME    DIR
------------------------------------------------------------------------------------
 1  46.2  48.9   7:30p  43.9   9:40p  18.8   0.0  0.15   6.9  25.0  11:00p     N
 2  46.4  53.6   4:50p  40.6  11:40p  18.6   0.0  0.05   5.1  24.0   5:40a     N
 3  45.2  51.1  11:40a  38.6   3:30a  19.8   0.0  0.00   3.4  18.0   3:20a     N
 4  51.1  57.0  12:10p  45.8   3:30a  13.9   0.0  0.01   2.8  23.0   9:40p     N
 5  54.1  56.8   2:30p  49.8   3:50a  10.9   0.0  0.04   9.5  35.0   2:50p     N
 6  55.1  61.0  11:10p  51.9   7:50a   9.9   0.0  0.08   7.0  33.0   1:40a     N
 7  52.5  59.5  12:30a  46.4   2:20p  12.5   0.0  0.60  27.4  61.0   4:00p     N
 8  50.0  51.9   5:00p  46.6  12:00m  15.0   0.0  0.11  14.6  45.0   3:10a     N
 9  53.2  66.0   2:40p  42.8   6:50a  11.8   0.0  0.00   4.8  29.0   9:40p     N
10  53.8  62.3  12:30a  49.6  11:30a  11.2   0.0  0.05  13.2  49.0   5:30a     N
11  49.2  53.3   8:20a  44.4   6:00p  15.8   0.0  0.44  12.0  37.0  12:10p     N
12  48.9  51.2   4:30p  45.6   8:40a  16.1   0.0  0.17  14.4  37.0   2:10p     N
13  50.4  52.6  11:30p  47.9   3:40a  14.6   0.0  0.16  16.6  39.0   7:40a     N
14  52.3  55.0   4:20p  50.0  11:50p  12.7   0.0  0.25  12.5  35.0  11:20p     N
15  47.4  50.2  12:10a  44.5   7:10p  17.6   0.0  1.01   5.5  25.0   6:30p     N
16  47.1  50.1   3:20p  42.7   6:30a  17.9   0.0  0.24  10.0  30.0  12:40p     N
17  48.0  50.8   3:30p  43.5   4:20a  17.0   0.0  0.03   6.0  22.0   2:50a     N
18  49.8  57.2   3:40p  43.0   6:30a  15.2   0.0  0.00   5.3  19.0   5:00p     N
19  50.6  58.8   3:30p  43.0   6:10a  14.4   0.0  0.00   4.2  16.0   3:30p     N
20  49.9  55.3   1:20p  43.6   3:10a  15.1   0.0  0.00   3.6  18.0  11:00p     N
21  51.1  56.1   2:50p  46.5   7:30a  13.9   0.0  0.06   8.2  25.0   7:10p     N
22  43.4  46.8  12:10a  40.7   5:30a   6.0   0.0  0.00   0.5   8.0  12:10a     N
23
24
25
26
27
28
29
30
-------------------------------------------------------------------------------------
    49.8  66.0     9    38.6     3   318.7   0.0  3.45   8.8  61.0     7       N

Max >=  90.0:  0
Max <=  32.0:  0
Min <=  32.0:  0
Min <=   0.0:  0
Max Rain: 1.01 ON 04/15/18
Days of Rain: 15 (>.01 in) 9 (>.1 in) 1 (>1 in)
Heat Base:  65.0  Cool Base:  65.0  Method: Integration
Email: AdamSPAM@StormwatchersRetreat.com (To send me email remove the word 'SPAM' from my email address.)