Stormwatcher's Retreat Logo




  August 
  2022 

(Stormwatcher's Retreat has reports since Sep 2013)
                   MONTHLY CLIMATOLOGICAL SUMMARY for AUG. 2022

NAME: StormwatchersRetreat   CITY: Yachats   STATE: OR 
ELEV:    67 ft  LAT:  44° 18' 49" N  LONG: 124° 06' 28" W

                   TEMPERATURE (°F), RAIN  (in), WIND SPEED (mph)

                                      HEAT  COOL        AVG
    MEAN                              DEG   DEG         WIND                 DOM
DAY TEMP  HIGH   TIME   LOW    TIME   DAYS  DAYS  RAIN  SPEED HIGH   TIME    DIR
------------------------------------------------------------------------------------
 1  58.0  61.8   5:30p  55.6   1:40a   7.0   0.0  0.00   3.4  12.0  10:30a     S
 2  60.0  65.5   3:30p  55.6  12:00m   5.0   0.0  0.01   5.7  20.0   8:40p    NE
 3  60.4  66.0   2:30p  55.5  12:10a   4.6   0.0  0.00   3.0  13.0   1:30a    NE
 4  60.5  66.2   3:20p  54.5  12:00m   4.5   0.0  0.00   6.1  24.0   4:50p    NE
 5  56.4  63.9   3:50p  50.3   6:10a   8.6   0.0  0.00   6.9  25.0   4:00p    NE
 6  56.0  65.5   6:40p  48.8   6:00a   9.0   0.0  0.00   4.4  21.0   4:30p   NNE
 7  53.4  57.7  10:00p  51.0   8:30a  11.6   0.0  0.00   9.0  32.0   3:40p     S
 8  57.5  59.7   6:30p  55.3  12:40a   7.5   0.0  0.00   7.5  20.0  11:30a     S
 9  58.3  60.3   2:50p  56.5  11:10p   6.7   0.0  0.00   2.7  20.0   8:40p     S
10  61.1  65.6   5:00p  58.3  11:10p   3.9   0.0  0.00   4.8  21.0   2:20a     S
11  56.0  59.1  12:10a  54.2   7:40a   9.0   0.0  0.00   1.8   9.0  11:00p     S
12  59.0  63.6   4:00p  52.2   6:30a   6.0   0.0  0.00   4.4  17.0   2:40p     S
13  63.6  68.4   4:30p  60.9   5:50a   1.9   0.5  0.00   3.7  16.0   5:20p    NE
14  61.9  68.3   3:00p  55.6   6:40a   3.6   0.5  0.00   4.5  17.0   2:30p    NE
15  62.7  68.6   3:10p  59.6   6:30a   2.7   0.3  0.00   5.9  17.0   3:00p    NE
16  62.2  67.9   2:50p  57.4  11:30p   3.3   0.5  0.00   7.1  24.0   4:30p    NE
17  58.9  65.2   4:00p  54.4   7:20a   6.1   0.0  0.00   5.9  19.0   1:10p   NNE
18  59.3  62.5   4:10p  55.9   6:20a   5.1   0.0  0.00   2.9  12.0  12:20a     S
19
20
21
22
23
24
25
26
27
28
29
30
31
-------------------------------------------------------------------------------------
    59.2  68.6    15    48.8     6   106.1   1.8  0.01   5.0  32.0     7       S

Max >=  90.0:  0
Max <=  32.0:  0
Min <=  32.0:  0
Min <=   0.0:  0
Max Rain: 0.01 ON 08/02/22
Days of Rain: 0 (>.01 in) 0 (>.1 in) 0 (>1 in)
Heat Base:  65.0  Cool Base:  65.0  Method: Integration
Email: AdamSPAM@StormwatchersRetreat.com (To send me email remove the word 'SPAM' from my email address.)