Stormwatcher's Retreat Logo




  December 
  2019 

(Stormwatcher's Retreat has reports since Sep 2013)
                   MONTHLY CLIMATOLOGICAL SUMMARY for DEC. 2019

NAME: StormwatchersRetreat   CITY: Yachats   STATE: OR 
ELEV:    67 ft  LAT:  44° 18' 49" N  LONG: 124° 06' 28" W

                   TEMPERATURE (°F), RAIN  (in), WIND SPEED (mph)

                                      HEAT  COOL        AVG
    MEAN                              DEG   DEG         WIND                 DOM
DAY TEMP  HIGH   TIME   LOW    TIME   DAYS  DAYS  RAIN  SPEED HIGH   TIME    DIR
------------------------------------------------------------------------------------
 1  47.3  53.5   2:50p  40.3  12:10a  17.7   0.0  0.12   9.1  29.0  10:50p   ESE
 2  51.2  62.8   3:00p  44.8   6:40a  13.8   0.0  0.00   8.3  24.0   1:50a   ESE
 3  52.6  58.1   2:20p  47.6   8:00a  12.4   0.0  0.00   4.1  19.0   3:10a   ESE
 4  50.5  55.7  11:50a  47.3   3:10a  14.5   0.0  0.00   2.5  13.0   7:10a   ESE
 5  52.9  64.2   2:30p  46.3   8:30a  12.1   0.0  0.00   3.5  23.0   8:40p   ESE
 6  52.8  55.6   2:10p  50.9  12:20a  12.2   0.0  0.21   6.2  22.0  12:00m   ESE
 7  52.6  55.5  12:20a  51.0  11:50p  12.4   0.0  0.56   4.1  23.0  12:10a   SSW
 8  50.4  53.1   1:40p  46.9  10:30p  14.6   0.0  0.00   1.8  14.0  11:40p   ENE
 9  48.8  52.5  12:30p  46.3   8:40a  16.2   0.0  0.01   4.3  21.0   3:10a   ESE
10  49.6  51.7   3:20p  47.8  12:20a  15.4   0.0  0.60   3.1  14.0   1:50p   ESE
11  53.0  54.9  10:30a  48.3  12:10a  12.0   0.0  0.21  12.2  36.0  11:30a   SSW
12  53.2  54.7   7:50a  50.8  10:00a  11.8   0.0  0.29  10.9  35.0   9:30a   SSW
13  50.8  53.1  12:10a  44.8  12:00m  14.2   0.0  0.00   3.8  15.0   4:40a   SSW
14  45.2  47.6  11:10a  41.0  11:20p  19.8   0.0  0.04   3.0  15.0   7:00p   ESE
15  40.7  41.4  12:10a  40.1  12:50a   2.0   0.0  0.00   3.8  13.0   1:30a   ESE
16
17
18
19
20
21
22
23
24
25
26
27
28
29
30
31
-------------------------------------------------------------------------------------
    50.1  64.2     5    40.1    15   201.1   0.0  2.04   5.4  36.0    11     ESE

Max >=  90.0:  0
Max <=  32.0:  0
Min <=  32.0:  0
Min <=   0.0:  0
Max Rain: 0.60 ON 12/10/19
Days of Rain: 7 (>.01 in) 6 (>.1 in) 0 (>1 in)
Heat Base:  65.0  Cool Base:  65.0  Method: Integration
Email: AdamSPAM@StormwatchersRetreat.com (To send me email remove the word 'SPAM' from my email address.)