Stormwatcher's Retreat Logo




  January 
  2019 

(Stormwatcher's Retreat has reports since Sep 2013)
                   MONTHLY CLIMATOLOGICAL SUMMARY for JAN. 2019

NAME: StormwatchersRetreat   CITY: Yachats   STATE: OR 
ELEV:    67 ft  LAT:  44° 18' 49" N  LONG: 124° 06' 28" W

                   TEMPERATURE (°F), RAIN  (in), WIND SPEED (mph)

                                      HEAT  COOL        AVG
    MEAN                              DEG   DEG         WIND                 DOM
DAY TEMP  HIGH   TIME   LOW    TIME   DAYS  DAYS  RAIN  SPEED HIGH   TIME    DIR
------------------------------------------------------------------------------------
 1  41.6  52.9   2:30p  36.2   6:50a  23.4   0.0  0.00   5.9  18.0   1:00a   ESE
 2  45.4  51.6  11:30p  36.8   7:10a  19.6   0.0  0.00   7.2  28.0  11:10p   ESE
 3  51.9  54.9  10:10p  49.3   3:30a  13.1   0.0  0.02  16.8  46.0   6:20p   SSW
 4  49.7  53.5  12:10a  46.1   8:00p  15.3   0.0  0.08   6.6  34.0  12:10a   SSW
 5  47.7  53.3   2:50p  44.1   3:00a  17.3   0.0  0.13  10.7  49.0   7:50p   ESE
 6  46.2  50.7  12:40a  40.6   6:30a  18.8   0.0  0.34   9.0  30.0   3:30a    SW
 7  42.7  46.1   1:40p  38.2   8:30a  22.3   0.0  0.17   7.3  26.0   8:50p   ESE
 8  49.6  56.7   2:20p  43.9  12:40a  15.4   0.0  0.68   9.6  31.0   4:00a   ESE
 9  53.9  56.5   3:40a  49.6  12:10a  11.1   0.0  0.34  12.8  47.0   1:30p   SSW
10  54.5  58.2  12:10p  51.0  11:00p  10.5   0.0  0.09   7.2  30.0   2:50a     S
11  52.4  58.2   1:30p  48.9   7:40a  12.6   0.0  0.00   7.7  25.0   8:50p   ESE
12  51.8  61.4   1:20p  46.5  11:30p  13.2   0.0  0.00   4.9  21.0  11:40p   ESE
13  50.2  61.9   2:10p  44.5   8:00a  14.8   0.0  0.00   7.7  27.0   1:00a     E
14  47.6  58.9   3:10p  41.4   8:10a  17.4   0.0  0.00   9.1  25.0  10:00a   ESE
15  47.8  56.8   2:00p  44.1   5:50a  17.2   0.0  0.00   9.2  28.0   1:20a     E
16  48.1  55.3   9:50p  44.1   7:10a  16.9   0.0  0.11   9.4  28.0   1:30p   ESE
17  53.4  56.1   3:10a  51.3   6:50a   4.2   0.0  0.14  11.5  44.0   8:10a   SSW
18
19
20
21
22
23
24
25
26
27
28
29
30
31
-------------------------------------------------------------------------------------
    49.1  61.9    13    36.2     1   263.1   0.0  2.10   9.0  49.0     5     ESE

Max >=  90.0:  0
Max <=  32.0:  0
Min <=  32.0:  0
Min <=   0.0:  0
Max Rain: 0.68 ON 01/08/19
Days of Rain: 10 (>.01 in) 7 (>.1 in) 0 (>1 in)
Heat Base:  65.0  Cool Base:  65.0  Method: Integration
Email: AdamSPAM@StormwatchersRetreat.com (To send me email remove the word 'SPAM' from my email address.)