Stormwatcher's Retreat Logo




  March 
  2020 

(Stormwatcher's Retreat has reports since Sep 2013)
                   MONTHLY CLIMATOLOGICAL SUMMARY for MAR. 2020

NAME: StormwatchersRetreat   CITY: Yachats   STATE: OR 
ELEV:    67 ft  LAT:  44° 18' 49" N  LONG: 124° 06' 28" W

                   TEMPERATURE (°F), RAIN  (in), WIND SPEED (mph)

                                      HEAT  COOL        AVG
    MEAN                              DEG   DEG         WIND                 DOM
DAY TEMP  HIGH   TIME   LOW    TIME   DAYS  DAYS  RAIN  SPEED HIGH   TIME    DIR
------------------------------------------------------------------------------------
 1  44.1  51.6   2:20p  37.2   3:10a  20.9   0.0  0.00   4.2  19.0   4:30p   ESE
 2  47.3  50.3   8:30p  42.7   4:00a  17.7   0.0  0.00   5.6  19.0  11:00a   SSW
 3  49.6  51.3  11:50a  48.3   7:20p  15.4   0.0  0.02   4.8  13.0   1:40p    SW
 4  49.7  56.2   2:40p  44.2   7:30a  15.3   0.0  0.03   3.3  13.0   1:50p    NE
 5  48.3  51.2  12:20p  42.5   4:20a  16.7   0.0  0.00   8.0  24.0  11:20a   SSW
 6  45.4  50.3  12:10a  42.4  11:00p  19.6   0.0  0.13   4.9  23.0   2:40a    NE
 7  43.3  50.6   4:40p  38.5  12:00m  21.7   0.0  0.21   3.6  19.0  12:30p   SSW
 8  43.7  53.4   3:10p  35.7   7:40a  20.4   0.0  0.01   6.5  19.0   8:20a   ESE
 9  46.1  55.3   4:50p  39.8   8:20a  18.9   0.0  0.00   5.0  17.0   5:50a   ESE
10  47.5  54.6   3:20p  41.8   8:00a  17.5   0.0  0.00   5.9  17.0   5:50a   ESE
11  47.8  52.6   4:00p  44.0  11:40p  17.2   0.0  0.00   6.8  28.0   2:30p    NE
12  45.1  51.9   3:30p  37.5   7:20a  19.9   0.0  0.00   8.0  29.0   5:50p    NE
13  42.1  46.7   4:30p  36.6   8:00a  22.9   0.0  0.25   3.0  16.0  10:20p   ENE
14  41.3  47.3   1:40p  37.2  12:10a  23.7   0.0  0.13   4.9  25.0   3:50p   ESE
15  44.4  58.9   3:40p  36.3   6:50a  20.6   0.0  0.00   5.5  31.0   8:00a   ESE
16  48.1  60.4   2:10p  38.9   6:40a  16.9   0.0  0.00   6.6  25.0   7:20a   ESE
17  47.2  50.3  12:20a  39.8   7:30a  17.8   0.0  0.00   3.8  15.0  10:40a   SSW
18  47.9  54.5   4:30p  43.4  12:00m  17.1   0.0  0.00   2.4  10.0   8:10a   ESE
19  46.9  55.6   4:40p  41.0   7:50a  18.1   0.0  0.00   2.9  11.0   6:40a   ESE
20  48.6  55.5   3:10p  41.8   3:10a  16.4   0.0  0.00   5.3  21.0   5:10p    NE
21  47.8  54.5   3:20p  40.4   4:20a  17.2   0.0  0.00   6.1  20.0  11:00a    NE
22  45.0  49.9   3:30p  38.8   6:40a  20.0   0.0  0.00   4.2  17.0   8:20p   ESE
23  47.9  50.7   5:00p  45.3   9:20a  17.1   0.0  0.17  11.4  30.0  11:30p   SSW
24  45.7  48.6  12:10a  42.3   8:00a  19.3   0.0  0.33   7.6  34.0   5:50a   SSW
25  44.5  51.7   6:00p  38.0   8:10a  20.5   0.0  0.01   2.8  14.0  11:50a    SE
26  44.3  50.0   3:40p  37.1   7:00a  20.7   0.0  0.00   3.8  15.0  12:10p   SSW
27  47.7  49.1   9:40p  45.2   2:50a  17.3   0.0  0.15   8.6  31.0   3:30p   SSW
28  50.0  51.4  12:00m  48.8  12:10a  15.0   0.0  0.04  11.5  34.0  10:10p   SSW
29  50.6  52.9   3:20p  47.9   6:50a  14.4   0.0  0.23  12.9  41.0   9:50p   SSW
30  49.4  51.0   4:50a  46.7   9:10p  15.6   0.0  0.37  15.6  45.0  12:20a   SSW
31  47.9  48.8   3:10a  45.8   4:00a   3.9   0.0  0.08  10.5  27.0   3:50a    SW
-------------------------------------------------------------------------------------
    46.6  60.4    16    35.7     8   555.7   0.0  2.16   6.3  45.0    30     SSW

Max >=  90.0:  0
Max <=  32.0:  0
Min <=  32.0:  0
Min <=   0.0:  0
Max Rain: 0.37 ON 03/30/20
Days of Rain: 13 (>.01 in) 9 (>.1 in) 0 (>1 in)
Heat Base:  65.0  Cool Base:  65.0  Method: Integration
Email: AdamSPAM@StormwatchersRetreat.com (To send me email remove the word 'SPAM' from my email address.)