Stormwatcher's Retreat Logo




  October 
  2018 

(Stormwatcher's Retreat has reports since Sep 2013)
                   MONTHLY CLIMATOLOGICAL SUMMARY for OCT. 2018

NAME: StormwatchersRetreat   CITY: Yachats   STATE: OR 
ELEV:    67 ft  LAT:  44° 18' 49" N  LONG: 124° 06' 28" W

                   TEMPERATURE (°F), RAIN  (in), WIND SPEED (mph)

                                      HEAT  COOL        AVG
    MEAN                              DEG   DEG         WIND                 DOM
DAY TEMP  HIGH   TIME   LOW    TIME   DAYS  DAYS  RAIN  SPEED HIGH   TIME    DIR
------------------------------------------------------------------------------------
 1  59.0  61.8   7:20a  57.3   8:00a   6.0   0.0  0.02   5.2  20.0  11:20a   SSW
 2  58.8  65.7   4:50p  52.8  10:40p   6.2   0.0  0.00   2.8  10.0   5:30a    NE
 3  54.5  61.9   4:00p  48.8   5:40a  10.5   0.0  0.00   4.1  15.0   3:20a    NE
 4  53.2  59.8   5:30p  49.4   3:20a  11.8   0.0  0.00   2.4  15.0  12:50p   SSW
 5  53.1  56.6   8:40p  49.7   8:00a  11.9   0.0  0.16   9.7  38.0   4:50p   SSW
 6  56.1  62.6   4:50p  50.6  12:00m   8.9   0.0  0.01   5.4  19.0   5:30a    NE
 7  53.1  58.2   3:00p  49.1   3:20a  11.9   0.0  0.03   2.9  14.0  12:00m   ESE
 8  55.9  57.5   2:30p  54.2   2:00a   9.1   0.0  0.22   1.8  14.0  12:10a   SSW
 9  56.6  63.0   4:50p  50.9  10:50p   8.4   0.0  0.06   2.8  20.0   8:40a    NE
10  53.7  62.7   2:30p  47.5   5:00a  11.3   0.0  0.00   3.2  13.0   3:00p    NE
11  55.4  64.1   2:50p  48.5   7:00a   9.6   0.0  0.00   6.0  21.0   4:00p     E
12  55.5  63.7  11:20a  48.9   6:10a   9.5   0.0  0.00   6.1  23.0   3:00p    NE
13  57.7  77.0   4:20p  47.7   8:00a   8.2   0.9  0.00   4.1  22.0  11:50p   ENE
14  65.0  76.6   3:50p  56.1   9:10a   2.4   2.5  0.00   5.6  32.0   2:50a   ENE
15  62.4  76.6   1:20p  56.3   8:40p   3.8   1.2  0.00   8.2  28.0   8:00a     E
16  62.6  72.7  12:00p  55.9   8:20a   3.1   0.7  0.00   4.8  18.0   6:50a     E
17  61.1  75.0  12:00p  49.3  11:40p   4.6   0.7  0.00   3.5  20.0   3:50a   ESE
18  51.0  55.1  12:40p  46.3  12:00m  14.0   0.0  0.00   2.9  15.0   4:40p   ENE
19  49.0  52.5   2:30p  44.9   3:10a  11.1   0.0  0.00   3.9  17.0   1:10p    NE
20
21
22
23
24
25
26
27
28
29
30
31
-------------------------------------------------------------------------------------
    56.5  77.0    13    44.9    19   162.3   6.0  0.50   4.5  38.0     5     ENE

Max >=  90.0:  0
Max <=  32.0:  0
Min <=  32.0:  0
Min <=   0.0:  0
Max Rain: 0.22 ON 10/08/18
Days of Rain: 5 (>.01 in) 2 (>.1 in) 0 (>1 in)
Heat Base:  65.0  Cool Base:  65.0  Method: Integration
Email: AdamSPAM@StormwatchersRetreat.com (To send me email remove the word 'SPAM' from my email address.)