Stormwatcher's Retreat Logo




  August 
  2018 

(Stormwatcher's Retreat has reports since Sep 2013)
                   MONTHLY CLIMATOLOGICAL SUMMARY for AUG. 2018

NAME: StormwatchersRetreat   CITY: Yachats   STATE: OR 
ELEV:    67 ft  LAT:  44° 18' 49" N  LONG: 124° 06' 28" W

                   TEMPERATURE (°F), RAIN  (in), WIND SPEED (mph)

                                      HEAT  COOL        AVG
    MEAN                              DEG   DEG         WIND                 DOM
DAY TEMP  HIGH   TIME   LOW    TIME   DAYS  DAYS  RAIN  SPEED HIGH   TIME    DIR
------------------------------------------------------------------------------------
 1  60.6  64.7   2:00p  58.8   1:00a   4.4   0.0  0.00   3.2  11.0   1:10p    NE
 2  60.8  67.2   6:50p  57.7  10:40a   4.4   0.2  0.00   1.9  10.0   7:10p   ENE
 3  61.0  69.5   4:00p  55.6   9:00a   4.5   0.5  0.01   3.0  14.0   5:30p   ENE
 4  59.6  68.1   3:10p  53.3   6:50a   5.6   0.2  0.00   2.8  12.0   2:20p    NE
 5  60.1  65.0   3:30p  57.2   9:20a   4.9   0.0  0.00   2.5  12.0   3:30p    NE
 6  59.5  63.6   2:10p  55.9   4:40a   5.5   0.0  0.00   4.1  15.0  10:50p    NE
 7  58.4  61.7   3:10p  55.8   6:30a   6.6   0.0  0.00   6.0  21.0   3:20p   ENE
 8  58.8  65.0   2:10p  55.0   5:10a   6.2   0.0  0.00   3.0  12.0   2:30a   ENE
 9  58.9  64.0   3:00p  54.6   9:20a   6.1   0.0  0.01   3.4  13.0  12:30p    NE
10  58.4  61.3  11:40p  54.8   8:00a   6.6   0.0  0.00   5.4  15.0  12:20p   SSW
11  63.0  67.0   8:00p  60.4   4:00a   2.2   0.1  0.07   4.2  17.0  12:40p   SSW
12  62.2  67.6   9:30a  56.0  11:50p   3.3   0.5  0.00   6.5  27.0   4:20p   ENE
13  58.3  64.8   3:50p  51.4   6:00a   6.7   0.0  0.00   4.1  16.0   2:50p   ENE
14  57.4  63.0   1:00p  54.7   4:50a   7.6   0.0  0.00   4.1  16.0   6:50p   SSW
15  57.3  59.2  11:50p  55.6   3:50a   7.7   0.0  0.00   1.9  10.0   3:20a   SSW
16  59.8  65.2   2:00p  57.0  12:00m   5.2   0.0  0.00   6.4  21.0   5:20p   ENE
17  56.6  57.2   3:50a  55.5   2:20a   1.6   0.0  0.00   4.7  16.0   2:50a   ENE
18
19
20
21
22
23
24
25
26
27
28
29
30
31
-------------------------------------------------------------------------------------
    59.5  69.5     3    51.4    13    89.1   1.5  0.09   4.0  27.0    12     ENE

Max >=  90.0:  0
Max <=  32.0:  0
Min <=  32.0:  0
Min <=   0.0:  0
Max Rain: 0.07 ON 08/11/18
Days of Rain: 1 (>.01 in) 0 (>.1 in) 0 (>1 in)
Heat Base:  65.0  Cool Base:  65.0  Method: Integration
Email: AdamSPAM@StormwatchersRetreat.com (To send me email remove the word 'SPAM' from my email address.)