Stormwatcher's Retreat Logo




  May 
  2022 

(Stormwatcher's Retreat has reports since Sep 2013)
                   MONTHLY CLIMATOLOGICAL SUMMARY for MAY. 2022

NAME: StormwatchersRetreat   CITY: Yachats   STATE: OR 
ELEV:    67 ft  LAT:  44° 18' 49" N  LONG: 124° 06' 28" W

                   TEMPERATURE (°F), RAIN  (in), WIND SPEED (mph)

                                      HEAT  COOL        AVG
    MEAN                              DEG   DEG         WIND                 DOM
DAY TEMP  HIGH   TIME   LOW    TIME   DAYS  DAYS  RAIN  SPEED HIGH   TIME    DIR
------------------------------------------------------------------------------------
 1  50.0  56.0   4:30p  44.0   6:30a  15.0   0.0  0.00   5.9  29.0  12:00m     E
 2  49.4  51.4   6:40p  47.2   8:00a  15.6   0.0  0.55  15.7  36.0   7:40a    SW
 3  50.3  54.6   3:00p  46.7  11:40p  14.7   0.0  0.00   5.8  19.0   5:20p   NNW
 4  51.7  57.8   2:20p  45.4   3:10a  13.3   0.0  0.00   4.2  18.0   4:20a     N
 5  49.7  52.9  12:30p  45.7   7:10a  15.3   0.0  0.41   8.0  46.0  12:50p     S
 6  52.4  53.5   2:50p  49.3  12:10a  12.6   0.0  0.37  17.3  49.0  11:50a     S
 7  49.7  51.8  12:10a  46.5   7:20p  15.3   0.0  0.08  12.4  36.0  12:30a    SW
 8  45.0  49.8   7:50p  37.9   6:20a  20.0   0.0  0.72   6.1  33.0   1:10a     S
 9  45.5  50.9   5:10p  39.8   5:50a  19.5   0.0  0.11   4.0  20.0  10:50a     S
10  48.2  55.6   4:00p  40.5   6:00a  16.8   0.0  0.00   3.0  12.0   5:50p     E
11  48.5  52.6   2:00p  42.2   3:00a  16.5   0.0  0.00   8.9  28.0   9:30p     S
12  48.9  51.6   6:50p  44.6  11:30p  16.1   0.0  1.02   9.9  41.0  10:00a     S
13  48.0  54.2   7:00p  39.8   6:10a  17.0   0.0  0.74   9.1  40.0   7:50p     S
14  53.8  54.9   5:00p  52.9   9:10a  11.2   0.0  0.60  14.2  39.0   3:10a     S
15  54.7  58.4  10:50a  52.2  12:00m  10.3   0.0  0.03  10.9  37.0   2:40p     S
16  52.0  56.4   3:50p  47.0  12:00m  13.0   0.0  0.00   5.2  26.0  12:30a     S
17  50.6  57.4   4:00p  43.8   2:50a  14.4   0.0  0.00   3.0  13.0   6:50p     E
18  52.0  54.8   5:40p  48.3  12:10a  13.0   0.0  0.04   7.1  33.0   7:10a     S
19  50.8  54.7   4:50p  47.1  11:50p  14.2   0.0  0.10   6.6  21.0   7:20p   NNW
20  50.8  55.8   4:20p  44.9   6:20a  14.2   0.0  0.00   7.2  21.0   1:30p   NNE
21  50.7  55.3  12:20p  43.4   6:30a  14.3   0.0  0.00   7.6  21.0   2:00p   NNE
22  51.6  55.1   4:20p  48.4   6:00a  13.4   0.0  0.00   4.3  14.0  12:20a    NE
23  54.2  58.7   4:50p  51.0   3:20a  10.8   0.0  0.00   5.5  19.0   5:00p    NE
24  53.4  57.5   4:50p  48.7   6:30a  11.6   0.0  0.00   2.3  12.0   6:00a     E
25  54.4  57.3   5:40p  52.4   3:50a  10.6   0.0  0.00   4.4  16.0   5:10p   NNE
26  56.8  65.4   9:40a  51.4   3:20a   8.3   0.0  0.00   5.2  21.0   9:40a     S
27  52.6  56.4  12:10a  51.3   2:10a   2.6   0.0  0.29   3.9  20.0  12:20a     S
28
29
30
31
-------------------------------------------------------------------------------------
    51.0  65.4    26    37.9     8   369.6   0.0  5.06   7.3  49.0     6       S

Max >=  90.0:  0
Max <=  32.0:  0
Min <=  32.0:  0
Min <=   0.0:  0
Max Rain: 1.02 ON 05/12/22
Days of Rain: 13 (>.01 in) 9 (>.1 in) 1 (>1 in)
Heat Base:  65.0  Cool Base:  65.0  Method: Integration
Email: AdamSPAM@StormwatchersRetreat.com (To send me email remove the word 'SPAM' from my email address.)