Stormwatcher's Retreat Logo




  February 
  2018 

(Stormwatcher's Retreat has reports since Sep 2013)
                   MONTHLY CLIMATOLOGICAL SUMMARY for FEB. 2018

NAME: StormwatchersRetreat   CITY: Yachats   STATE: OR 
ELEV:    67 ft  LAT:  44° 18' 49" N  LONG: 124° 06' 28" W

                   TEMPERATURE (°F), RAIN  (in), WIND SPEED (mph)

                                      HEAT  COOL        AVG
    MEAN                              DEG   DEG         WIND                 DOM
DAY TEMP  HIGH   TIME   LOW    TIME   DAYS  DAYS  RAIN  SPEED HIGH   TIME    DIR
------------------------------------------------------------------------------------
 1  49.2  55.0   7:10p  44.8   4:50a  15.8   0.0  0.00   5.6  30.0   7:20p   ESE
 2  52.6  54.5   9:30a  50.2  12:00m  12.4   0.0  0.00   6.9  26.0   1:00a     S
 3  51.0  52.6   3:50p  49.7   4:30a  14.0   0.0  0.01   2.3  13.0   1:10p   SSW
 4  50.6  52.1   3:00p  48.7   6:20a  14.4   0.0  0.03   2.0  11.0   3:20p   SSW
 5  49.2  51.4   4:10p  45.5  12:00m  15.8   0.0  0.01   1.2   6.0  12:40a    NE
 6  46.9  52.8   2:10p  40.7   7:30a  18.1   0.0  0.01   2.2  13.0   8:40a   ESE
 7  51.3  59.4   1:10p  46.2   7:20a  13.7   0.0  0.00   3.6  16.0   7:40a   ESE
 8  49.3  52.3   1:30a  44.6   7:20a  15.7   0.0  0.01   1.2  13.0  11:40p    NE
 9  47.8  53.0   3:30p  44.3   7:20a  17.2   0.0  0.02   4.9  18.0   2:50p   ENE
10  45.8  60.4   4:20p  39.7   7:20a  19.2   0.0  0.00   2.9  19.0   5:20p   ESE
11  43.1  47.2   6:30a  38.4   3:10a  21.9   0.0  0.12   3.0  16.0   8:20p    SE
12  42.5  53.2   3:50p  35.2   7:30a  22.5   0.0  0.01   4.7  19.0   3:20p     E
13  42.9  52.8   1:40p  35.9   7:20a  22.1   0.0  0.00   5.0  18.0   1:20a     E
14  47.3  49.8   3:00p  42.1  12:10a  17.7   0.0  0.18   9.4  28.0  10:00a     N
15  44.8  49.7   2:50p  39.9   6:20a  20.2   0.0  0.04   1.5  12.0   2:00a   ESE
16  46.2  49.5  10:00p  41.6   3:40a  18.8   0.0  0.16   8.1  24.0   6:10p   SSW
17  48.8  50.4   9:50a  45.1  10:50p  16.2   0.0  0.08  16.3  34.0  11:30a   SSW
18  40.9  46.8  12:10a  35.5  10:50p  24.1   0.0  0.13  12.0  39.0   5:30a   WNW
19  38.3  45.0   2:20p  34.3   8:00a  26.7   0.0  0.04   4.2  17.0   6:30a   ENE
20  38.3  43.8   1:30p  34.3  12:40a  26.7   0.0  0.73   2.7  22.0   2:50p     S
21  38.4  44.2   3:10p  33.7   7:30a  26.6   0.0  0.10   2.7  18.0   9:50p   ESE
22  38.9  44.6   3:20p  32.4  12:00m  26.1   0.0  0.15   5.9  27.0   4:40a    NE
23  38.2  47.7  12:00m  29.7   7:30a  26.8   0.0  0.17   7.3  26.0   9:10p   ESE
24  46.1  48.3   3:10a  43.5   7:50a  10.4   0.0  0.10  15.8  34.0   3:30a     N
25
26
27
28
-------------------------------------------------------------------------------------
    45.3  60.4    10    29.7    23   463.1   0.0  2.10   5.5  39.0    18     ESE

Max >=  90.0:  0
Max <=  32.0:  0
Min <=  32.0:  1
Min <=   0.0:  0
Max Rain: 0.73 ON 02/20/18
Days of Rain: 14 (>.01 in) 7 (>.1 in) 0 (>1 in)
Heat Base:  65.0  Cool Base:  65.0  Method: Integration
Email: AdamSPAM@StormwatchersRetreat.com (To send me email remove the word 'SPAM' from my email address.)