Stormwatcher's Retreat Logo




  February 
  2020 

(Stormwatcher's Retreat has reports since Sep 2013)
                   MONTHLY CLIMATOLOGICAL SUMMARY for FEB. 2020

NAME: StormwatchersRetreat   CITY: Yachats   STATE: OR 
ELEV:    67 ft  LAT:  44° 18' 49" N  LONG: 124° 06' 28" W

                   TEMPERATURE (°F), RAIN  (in), WIND SPEED (mph)

                                      HEAT  COOL        AVG
    MEAN                              DEG   DEG         WIND                 DOM
DAY TEMP  HIGH   TIME   LOW    TIME   DAYS  DAYS  RAIN  SPEED HIGH   TIME    DIR
------------------------------------------------------------------------------------
 1  51.0  57.8   2:40a  44.7  11:50p  14.0   0.0  0.14  12.1  54.0   2:30a   SSW
 2  41.8  48.2  12:30p  38.4   8:40a  23.2   0.0  0.24   3.1  27.0   3:10a   ESE
 3  41.5  48.8   4:10p  37.4   5:40a  23.5   0.0  0.10   2.5  19.0  11:30a   ESE
 4  42.6  47.3   3:00p  36.8   7:50a  22.4   0.0  0.01   5.8  23.0  11:00p   SSW
 5  50.8  52.1  11:50a  46.9  12:10a  14.2   0.0  1.09   9.7  27.0   2:20a   SSW
 6  51.6  52.3   9:10p  51.2  12:10a  13.4   0.0  0.17   7.4  17.0   2:20p   SSW
 7  50.7  52.2   1:30p  48.7   8:30p  14.3   0.0  0.08  12.1  35.0   8:20p   SSW
 8  47.5  51.0  12:10a  40.9  12:00m  17.6   0.0  0.15  10.3  31.0   7:00p     N
 9  44.7  52.9  12:30p  37.1   5:20a  20.3   0.0  0.00   5.0  17.0   4:50p   ESE
10  47.4  54.0  12:10p  40.3   7:50a  17.6   0.0  0.00   4.6  17.0   2:20p     E
11  46.8  53.0   4:10p  40.5   8:10a  18.2   0.0  0.01   2.2  11.0   6:20a   ESE
12  47.8  53.9   2:40p  43.8   7:50a  17.2   0.0  0.00   4.2  15.0   2:20p   ESE
13  46.7  49.2  10:00p  44.2   1:10a  18.3   0.0  0.07   5.6  21.0   2:50p   SSW
14  48.0  50.4   2:30p  45.8   8:30a  17.0   0.0  0.06   4.6  19.0   2:20a     W
15  48.7  51.2   8:20p  46.0  12:00m  16.3   0.0  0.77   9.0  36.0   3:30p   SSW
16  47.5  53.3   1:40p  43.3   9:20p  17.5   0.0  0.07   3.0  15.0  12:00m     E
17  45.9  52.9  12:00p  38.6  12:00m  19.1   0.0  0.02   3.9  19.0   4:00p   ESE
18  39.6  40.5   1:40a  38.5  12:20a   4.6   0.0  0.00   5.4  15.0   1:40a   ESE
19
20
21
22
23
24
25
26
27
28
29
-------------------------------------------------------------------------------------
    46.7  57.8     1    36.8     4   308.7   0.0  2.98   6.1  54.0     1     SSW

Max >=  90.0:  0
Max <=  32.0:  0
Min <=  32.0:  0
Min <=   0.0:  0
Max Rain: 1.09 ON 02/05/20
Days of Rain: 12 (>.01 in) 6 (>.1 in) 1 (>1 in)
Heat Base:  65.0  Cool Base:  65.0  Method: Integration
Email: AdamSPAM@StormwatchersRetreat.com (To send me email remove the word 'SPAM' from my email address.)