Stormwatcher's Retreat Logo




  February 
  2024 

(Stormwatcher's Retreat has reports since Sep 2013)
                   MONTHLY CLIMATOLOGICAL SUMMARY for FEB. 2024

NAME: StormwatchersRetreat   CITY: Yachats   STATE: OR 
ELEV:    67 ft  LAT:  44° 18' 49" N  LONG: 124° 06' 28" W

                   TEMPERATURE (°F), RAIN  (in), WIND SPEED (mph)

                                      HEAT  COOL        AVG
    MEAN                              DEG   DEG         WIND                 DOM
DAY TEMP  HIGH   TIME   LOW    TIME   DAYS  DAYS  RAIN  SPEED HIGH   TIME    DIR
------------------------------------------------------------------------------------
 1  53.2  56.7  12:50a  48.7  11:50p  11.8   0.0  0.24   8.7  33.0   1:30p     S
 2  47.4  50.7   2:00p  45.1  11:00p  17.6   0.0  0.40   5.5  31.0   1:00p     S
 3  47.2  53.0   3:20p  42.6  12:00m  17.8   0.0  0.00   4.1  18.0   1:00p     E
 4  46.9  57.9   1:30p  39.5   6:30a  18.1   0.0  0.04   6.8  26.0  11:40p   ENE
 5  47.5  50.3   6:40p  44.9   4:50a  17.5   0.0  0.58   4.3  20.0   1:00a   NNW
 6  47.0  50.0   2:50p  44.0  10:50p  18.0   0.0  0.42   2.3  15.0   6:40p   ESE
 7  45.4  51.9  12:30p  41.5   8:00a  19.6   0.0  0.60   2.9  15.0   3:30a     E
 8  46.1  51.8   1:30p  42.1   6:00a  18.9   0.0  0.21   2.7  16.0   8:00a     E
 9  44.7  46.7   1:10p  42.5   8:10a  20.3   0.0  0.15   2.4  14.0   1:40a     E
10  48.8  56.5   3:20p  45.0  12:10a  16.2   0.0  0.01   3.7  15.0   3:10a     E
11  49.8  51.5  10:20a  47.8   8:10p  15.2   0.0  0.06  10.7  31.0  10:00a     S
12  48.2  53.3   4:10p  40.9  12:00m  16.8   0.0  0.04   3.0  16.0   1:50a     E
13  43.7  52.7   3:30p  36.8   7:00a  21.3   0.0  0.00   5.1  19.0  10:50a     E
14  46.7  53.2   2:20p  41.3   6:40a  18.3   0.0  1.03  12.0  39.0   8:50p     S
15  50.4  51.9   4:40p  48.4   7:30a  14.6   0.0  0.79   9.5  39.0  12:50a     S
16  48.8  50.6   1:30p  47.0   8:30a  16.2   0.0  0.02  11.4  32.0   8:40a     E
17  47.6  50.5   2:10p  45.8   8:50a  17.4   0.0  0.22   8.7  22.0  12:30a     E
18  52.7  59.4   2:40p  47.5  12:10a  12.3   0.0  0.10   6.2  25.0   8:00a     S
19  51.0  55.8  12:20p  47.3   8:10a  14.0   0.0  0.18   6.1  18.0   3:40p     E
20  51.5  56.5  11:50a  49.5   2:10a  13.5   0.0  0.61   5.3  28.0   7:00p     S
21  51.5  53.0   3:20p  50.0   1:50p   9.3   0.0  0.34  12.8  30.0  12:10a     S
22
23
24
25
26
27
28
29
-------------------------------------------------------------------------------------
    48.4  59.4    18    36.8    13   344.7   0.0  6.04   6.4  39.0    14       E

Max >=  90.0:  0
Max <=  32.0:  0
Min <=  32.0:  0
Min <=   0.0:  0
Max Rain: 1.03 ON 02/14/24
Days of Rain: 18 (>.01 in) 13 (>.1 in) 1 (>1 in)
Heat Base:  65.0  Cool Base:  65.0  Method: Integration
Email: AdamSPAM@StormwatchersRetreat.com (To send me email remove the word 'SPAM' from my email address.)