Stormwatcher's Retreat Logo




  November 
  2021 

(Stormwatcher's Retreat has reports since Sep 2013)
                   MONTHLY CLIMATOLOGICAL SUMMARY for NOV. 2021

NAME: StormwatchersRetreat   CITY: Yachats   STATE: OR 
ELEV:    67 ft  LAT:  44° 18' 49" N  LONG: 124° 06' 28" W

                   TEMPERATURE (°F), RAIN  (in), WIND SPEED (mph)

                                      HEAT  COOL        AVG
    MEAN                              DEG   DEG         WIND                 DOM
DAY TEMP  HIGH   TIME   LOW    TIME   DAYS  DAYS  RAIN  SPEED HIGH   TIME    DIR
------------------------------------------------------------------------------------
 1  53.4  57.3  10:20a  50.5  11:40p  11.6   0.0  0.26   8.1  28.0  11:50a   ESE
 2  55.9  62.9   4:30p  50.6  12:10a   9.1   0.0  0.00   4.9  31.0   2:10p   ESE
 3  59.0  65.4  12:20p  54.2  12:30a   6.0   0.0  0.87   6.7  43.0  11:30p   ESE
 4  55.8  60.0   4:30a  52.1   1:20p   9.2   0.0  0.19  16.8  51.0   5:20a   SSW
 5  51.9  57.1   2:30a  47.6   7:00a  13.1   0.0  0.36   7.1  41.0   3:10a     S
 6  50.4  53.9   2:20a  44.8  12:00m  14.6   0.0  0.28  15.3  45.0   7:00a     N
 7  47.7  51.7   4:30p  44.7  12:10a  17.3   0.0  0.42   6.5  30.0  12:40a     S
 8  48.3  55.5   2:40p  42.5   7:20a  16.7   0.0  0.13   7.0  27.0   9:00p   ESE
 9  52.1  54.8   1:50a  49.8   4:30p  12.9   0.0  0.14  13.0  47.0   2:00a   SSW
10  52.4  56.2  12:00m  48.5   7:10a  12.6   0.0  1.42   7.1  42.0   9:10p   ESE
11  58.3  61.3  10:30p  56.0   1:40a   6.7   0.0  0.49  17.8  43.0   2:50p   SSW
12  57.8  61.0  12:10a  54.9  12:00m   7.2   0.0  0.65  13.3  42.0  11:00a   SSW
13  56.6  62.2   1:30p  52.5   5:10a   8.4   0.0  0.01   7.1  27.0  10:50p     N
14  57.8  59.2  11:30a  56.8  11:50p   7.2   0.0  0.07  12.2  27.0   1:20p     N
15  53.8  58.2   8:50a  47.7   9:50p  11.2   0.0  0.30  14.1  50.0  10:30a     N
16  45.6  52.4   2:20p  40.7  10:30p  19.4   0.0  0.06   3.6  16.0   3:00p   ESE
17  46.5  53.7  12:00m  40.5   6:20a  18.5   0.0  0.00   7.3  26.0   1:40p   ESE
18  55.0  60.4  12:30p  51.4   3:50p  10.0   0.0  0.28  13.6  45.0  11:10p     S
19  49.5  53.6  12:10a  42.4  12:00m  15.5   0.0  0.07   9.4  31.0  12:10a     N
20  44.6  53.9   1:50p  39.0   7:50a  20.4   0.0  0.00   5.7  19.0  11:50p   ESE
21  47.8  59.1   2:10p  41.1   6:10a  17.2   0.0  0.00   7.9  27.0   3:40a   ESE
22  48.1  53.9  12:30p  40.6   4:30a  16.9   0.0  0.22   5.8  22.0  10:10p     S
23  49.4  52.6   2:40p  43.1  12:00m  15.6   0.0  0.11   7.8  31.0   1:00a     N
24  44.2  51.3   2:30p  38.7   6:50a  20.8   0.0  0.00   6.6  21.0  10:50a     N
25  50.2  57.1  11:50a  42.1   8:00a  14.8   0.0  0.12   9.4  34.0   9:30p     N
26  53.4  54.7   1:10p  51.5  12:10a  11.6   0.0  0.16   7.9  28.0  12:20a     N
27  56.6  58.7  11:50a  53.3  12:10a   8.4   0.0  0.33  12.7  37.0   1:00p     N
28  55.7  57.9   1:50p  54.2   7:20a   9.3   0.0  0.01   9.2  25.0   1:10p     N
29  56.9  57.0  12:10a  56.8  12:10a   0.1   0.0  0.00   8.0  13.0  12:10a   SSW
30
-------------------------------------------------------------------------------------
    52.2  65.4     3    38.7    24   362.3   0.0  6.95   9.4  51.0     4       N

Max >=  90.0:  0
Max <=  32.0:  0
Min <=  32.0:  0
Min <=   0.0:  0
Max Rain: 1.42 ON 11/10/21
Days of Rain: 21 (>.01 in) 18 (>.1 in) 1 (>1 in)
Heat Base:  65.0  Cool Base:  65.0  Method: Integration
Email: AdamSPAM@StormwatchersRetreat.com (To send me email remove the word 'SPAM' from my email address.)