Stormwatcher's Retreat Logo




  June 
  2021 

(Stormwatcher's Retreat has reports since Sep 2013)
                   MONTHLY CLIMATOLOGICAL SUMMARY for JUN. 2021

NAME: StormwatchersRetreat   CITY: Yachats   STATE: OR 
ELEV:    67 ft  LAT:  44° 18' 49" N  LONG: 124° 06' 28" W

                   TEMPERATURE (°F), RAIN  (in), WIND SPEED (mph)

                                      HEAT  COOL        AVG
    MEAN                              DEG   DEG         WIND                 DOM
DAY TEMP  HIGH   TIME   LOW    TIME   DAYS  DAYS  RAIN  SPEED HIGH   TIME    DIR
------------------------------------------------------------------------------------
 1  57.2  65.5   4:50p  49.9   6:20a   7.8   0.0  0.00   4.2  16.0   2:10p   ENE
 2  57.4  62.8   2:40p  53.2   1:40a   7.6   0.0  0.01   3.7  14.0   2:50p   ENE
 3  56.8  61.6   1:40p  52.7  10:20p   8.2   0.0  0.01   5.7  18.0   6:40p   ENE
 4  55.9  62.6   5:40p  50.8  12:00m   9.1   0.0  0.00   4.8  18.0   1:30a   ENE
 5  54.9  62.0   4:10p  49.9  12:00m  10.1   0.0  0.07   2.4  12.0   4:30a     S
 6  52.3  57.2   2:40p  47.6   5:00a  12.7   0.0  0.04   7.0  27.0   2:40p   SSW
 7  53.9  58.1   4:20p  49.0  12:00m  11.1   0.0  0.06   3.9  16.0  12:30a    SW
 8  53.6  60.0   6:20p  46.2   4:20a  11.4   0.0  0.00   5.5  14.0   4:20a   SSW
 9  55.6  64.7   4:40p  47.8   6:20a   9.4   0.0  0.00   3.2  12.0   3:10a   ESE
10  55.9  61.6   4:20p  49.8   6:10a   9.1   0.0  0.00   6.8  25.0  11:00a     N
11  56.0  60.2  12:10p  51.8   5:40a   9.0   0.0  0.10   9.5  33.0   4:00p     N
12  59.2  67.0   2:20p  52.0   6:00a   5.9   0.1  0.60   5.4  36.0  12:00m     N
13  58.8  61.2   1:10a  57.5  11:00p   6.2   0.0  0.96   7.8  29.0  12:20a     N
14  58.1  62.8   4:00p  55.3   6:40a   6.6   0.0  0.00  10.8  24.0  12:40p     N
15
16
17
18
19
20
21
22
23
24
25
26
27
28
29
30
-------------------------------------------------------------------------------------
    56.1  67.0    12    46.2     8   124.2   0.1  1.85   5.8  36.0    12       N

Max >=  90.0:  0
Max <=  32.0:  0
Min <=  32.0:  0
Min <=   0.0:  0
Max Rain: 0.96 ON 06/13/21
Days of Rain: 6 (>.01 in) 2 (>.1 in) 0 (>1 in)
Heat Base:  65.0  Cool Base:  65.0  Method: Integration
Email: AdamSPAM@StormwatchersRetreat.com (To send me email remove the word 'SPAM' from my email address.)