Stormwatcher's Retreat Logo




  May 
  2024 

(Stormwatcher's Retreat has reports since Sep 2013)
                   MONTHLY CLIMATOLOGICAL SUMMARY for MAY. 2024

NAME: StormwatchersRetreat   CITY: Yachats   STATE: OR 
ELEV:    67 ft  LAT:  44° 18' 49" N  LONG: 124° 06' 28" W

                   TEMPERATURE (°F), RAIN  (in), WIND SPEED (mph)

                                      HEAT  COOL        AVG
    MEAN                              DEG   DEG         WIND                 DOM
DAY TEMP  HIGH   TIME   LOW    TIME   DAYS  DAYS  RAIN  SPEED HIGH   TIME    DIR
------------------------------------------------------------------------------------
 1  48.1  52.6   3:50p  42.1   6:20a  16.9   0.0  0.20   3.7  17.0   9:40p     S
 2  51.8  54.2   3:00p  48.4  12:00m  13.2   0.0  0.14  10.2  32.0   1:40a     S
 3  50.4  55.0   4:00p  45.0   6:00a  14.6   0.0  1.20   7.0  30.0   5:00p     S
 4  48.7  51.3   3:20p  46.3   6:40a  16.3   0.0  0.93   8.0  20.0   4:30a   WNW
 5  50.5  52.9   3:00p  48.2  10:30a  14.5   0.0  0.09  14.3  31.0  11:50p     S
 6  50.4  52.5   4:50p  47.0  12:00m  14.6   0.0  0.43  11.3  37.0   3:00a    SW
 7  51.0  56.3   5:00p  45.8   6:20a  14.0   0.0  0.07   4.3  21.0   6:40a   NNW
 8  50.9  56.6   2:40p  43.0   6:20a  14.1   0.0  0.00   7.5  29.0   4:30p   NNE
 9  56.7  67.8  12:00m  46.3   5:10a   8.4   0.0  0.00   5.4  22.0   3:10p    NE
10  67.5  78.0   1:00p  55.1  12:00m   1.4   3.9  0.00   6.7  21.0   1:00a   NNE
11  54.9  57.9   1:20p  52.3   6:30a  10.1   0.0  0.00   6.4  17.0   2:00p   NNE
12  55.0  59.7   1:50p  52.4   7:00a  10.0   0.0  0.00   7.9  21.0   6:50p    NE
13  54.0  59.0   4:00p  51.3   7:30a  11.0   0.0  0.00   7.9  22.0   5:20p    NE
14  52.7  58.0   3:40p  47.4   5:30a  12.3   0.0  0.00   7.8  26.0   5:10p    NE
15  51.8  55.4   3:30p  49.8   1:10a  13.2   0.0  0.00   8.9  24.0   2:40p    NE
16  52.6  57.2   3:50p  48.9   4:00a  12.4   0.0  0.01   5.6  17.0  11:30a   NNE
17  52.7  57.9   2:20p  48.3   6:50a  12.3   0.0  0.00   6.5  20.0   5:40p    NE
18  51.9  56.6   1:10p  48.2   5:40a  13.1   0.0  0.00   4.6  16.0   5:00p    NE
19  51.7  57.3   3:50p  47.4   6:40a  13.3   0.0  0.03   4.4  19.0   9:00p     E
20  49.0  50.1  12:50a  47.7   4:30a   3.2   0.0  0.00   3.2  12.0  12:40a   ENE
21
22
23
24
25
26
27
28
29
30
31
-------------------------------------------------------------------------------------
    52.6  78.0    10    42.1     1   238.9   3.9  3.10   7.1  37.0     6      NE

Max >=  90.0:  0
Max <=  32.0:  0
Min <=  32.0:  0
Min <=   0.0:  0
Max Rain: 1.20 ON 05/03/24
Days of Rain: 8 (>.01 in) 5 (>.1 in) 1 (>1 in)
Heat Base:  65.0  Cool Base:  65.0  Method: Integration
Email: AdamSPAM@StormwatchersRetreat.com (To send me email remove the word 'SPAM' from my email address.)