Stormwatcher's Retreat Logo




  September 
  2021 

(Stormwatcher's Retreat has reports since Sep 2013)
                   MONTHLY CLIMATOLOGICAL SUMMARY for SEP. 2021

NAME: StormwatchersRetreat   CITY: Yachats   STATE: OR 
ELEV:    67 ft  LAT:  44° 18' 49" N  LONG: 124° 06' 28" W

                   TEMPERATURE (°F), RAIN  (in), WIND SPEED (mph)

                                      HEAT  COOL        AVG
    MEAN                              DEG   DEG         WIND                 DOM
DAY TEMP  HIGH   TIME   LOW    TIME   DAYS  DAYS  RAIN  SPEED HIGH   TIME    DIR
------------------------------------------------------------------------------------
 1  53.2  60.9   4:20p  45.9   6:10a  11.8   0.0  0.00   5.9  24.0   6:20p   ENE
 2  52.0  57.0   6:00p  46.8   5:20a  13.0   0.0  0.00   4.9  20.0   6:30p    NE
 3  52.8  60.3   7:10p  45.7   6:20a  12.2   0.0  0.00   4.3  18.0   3:00p    NE
 4  54.8  65.0   6:10p  46.9   6:30a  10.2   0.0  0.00   1.6   8.0   8:30a     S
 5  58.9  67.1   3:10p  53.0  11:50p   6.3   0.1  0.00   3.2  15.0   1:20p    NE
 6  55.7  61.5   4:10p  50.1   4:10a   9.3   0.0  0.00   6.2  24.0   4:20p   ENE
 7  55.3  62.4   2:20p  48.9   7:00a   9.7   0.0  0.01   4.4  26.0   7:40p   ENE
 8  54.8  59.0   5:00p  50.8   6:40a  10.2   0.0  0.00   3.5  16.0   8:30p    NE
 9  56.7  62.1   6:00p  52.4   5:50a   8.3   0.0  0.00   2.3   9.0  12:00m     S
10  59.9  67.0   6:00p  53.3  11:40p   5.1   0.1  0.00   2.6  12.0   2:30a   ENE
11  57.5  63.8   3:30p  50.8   6:50a   7.5   0.0  0.00   5.4  20.0   4:40p   ESE
12  57.4  62.1   3:50p  52.0   4:00a   7.6   0.0  0.00   5.2  19.0  11:40a   ENE
13  54.9  61.0   2:50p  49.8   7:30a  10.1   0.0  0.00   5.6  22.0   2:20p   ENE
14  55.6  64.6   5:00p  47.9   2:50a   9.4   0.0  0.00   2.8  13.0   2:50p    NE
15  55.2  59.6  12:10a  49.0  10:20p   9.8   0.0  0.01   7.5  25.0   1:10p   ENE
16  52.4  58.6   3:10p  43.6   7:20a  12.6   0.0  0.00   5.5  24.0   2:20p   ENE
17  55.9  64.4   3:50p  47.7   5:40a   7.9   0.0  0.01   9.5  45.0   9:00p     N
18
19
20
21
22
23
24
25
26
27
28
29
30
-------------------------------------------------------------------------------------
    55.5  67.1     5    43.6    16   161.0   0.2  0.03   4.7  45.0    17     ENE

Max >=  90.0:  0
Max <=  32.0:  0
Min <=  32.0:  0
Min <=   0.0:  0
Max Rain: 0.01 ON 09/07/21
Days of Rain: 0 (>.01 in) 0 (>.1 in) 0 (>1 in)
Heat Base:  65.0  Cool Base:  65.0  Method: Integration
Email: AdamSPAM@StormwatchersRetreat.com (To send me email remove the word 'SPAM' from my email address.)