Stormwatcher's Retreat Logo




  April 
  2019 

(Stormwatcher's Retreat has reports since Sep 2013)
                   MONTHLY CLIMATOLOGICAL SUMMARY for APR. 2019

NAME: StormwatchersRetreat   CITY: Yachats   STATE: OR 
ELEV:    67 ft  LAT:  44° 18' 49" N  LONG: 124° 06' 28" W

                   TEMPERATURE (°F), RAIN  (in), WIND SPEED (mph)

                                      HEAT  COOL        AVG
    MEAN                              DEG   DEG         WIND                 DOM
DAY TEMP  HIGH   TIME   LOW    TIME   DAYS  DAYS  RAIN  SPEED HIGH   TIME    DIR
------------------------------------------------------------------------------------
 1  51.9  54.0  10:10p  49.4   6:50a  13.1   0.0  0.41   1.6  14.0  12:30a   SSW
 2  53.3  56.0   5:10p  51.8   6:30a  11.7   0.0  0.46   5.1  26.0  10:40p   SSW
 3  52.3  54.8   3:40p  50.0  12:00m  12.7   0.0  0.01   8.1  25.0   2:40a   SSW
 4  52.8  58.2  12:40p  49.5   6:30a  12.2   0.0  0.11   6.3  34.0   8:30p   SSW
 5  52.6  54.4   5:20p  48.9  10:40a  12.4   0.0  0.52  13.6  47.0  10:30a   SSW
 6  52.4  55.4  11:20p  48.9   4:50a  12.6   0.0  0.72  14.3  51.0   8:40a   SSW
 7  53.2  55.1  12:10a  51.5   7:40a  11.8   0.0  0.89  11.0  47.0  12:20a   SSW
 8  52.5  54.1  12:10a  49.5  12:00m  12.5   0.0  0.37  11.6  25.0  12:20a   SSW
 9  51.0  53.8   2:10p  48.3  11:10p  14.0   0.0  0.06   9.4  25.0   5:50a    NW
10  49.5  51.2  11:50a  46.6   4:20a  15.5   0.0  0.25   8.4  23.0  12:30p   WSW
11  50.4  51.5   2:10p  47.6  11:20a  14.6   0.0  0.37  11.3  28.0  12:00p   WSW
12  51.1  56.0   6:10p  48.7   6:50a  13.9   0.0  0.02   5.2  15.0   3:10a     N
13  49.0  50.6  11:00a  44.1  11:50p  16.0   0.0  0.18   7.3  26.0  12:40p   SSW
14  47.0  51.6   3:40p  42.1   4:50a  18.0   0.0  0.00   3.8  15.0   3:10p    SE
15  45.6  49.6   3:10p  41.0   5:40a  19.4   0.0  0.10   4.9  18.0   7:00p   ESE
16  50.9  53.7   3:40p  48.2  12:20a  14.1   0.0  0.02   7.9  23.0   1:40p   SSW
17  53.0  59.1   4:50p  50.0  12:40a  12.0   0.0  0.00   4.7  19.0  12:50a   SSW
18  57.0  63.1   3:00p  51.5   2:10a   8.0   0.0  0.00   4.7  19.0   6:50a    NE
19  53.9  55.8  11:40a  51.7  12:00m  11.1   0.0  0.03   4.7  20.0  11:20p    NE
20  51.5  54.9   4:00p  50.4   8:40a  13.5   0.0  0.02  10.8  27.0   3:40a     N
21  51.4  56.8   4:40p  46.9  11:50p  13.6   0.0  0.00   4.9  17.0   5:30p    NE
22  47.0  47.4  12:10a  46.4   1:20a   2.1   0.0  0.00   2.8   9.0  12:10a     E
23
24
25
26
27
28
29
30
-------------------------------------------------------------------------------------
    51.3  63.1    18    41.0    15   284.8   0.0  4.54   7.4  51.0     6     SSW

Max >=  90.0:  0
Max <=  32.0:  0
Min <=  32.0:  0
Min <=   0.0:  0
Max Rain: 0.89 ON 04/07/19
Days of Rain: 16 (>.01 in) 10 (>.1 in) 0 (>1 in)
Heat Base:  65.0  Cool Base:  65.0  Method: Integration
Email: AdamSPAM@StormwatchersRetreat.com (To send me email remove the word 'SPAM' from my email address.)