Stormwatcher's Retreat Logo




  May 
  2018 

(Stormwatcher's Retreat has reports since Sep 2013)
                   MONTHLY CLIMATOLOGICAL SUMMARY for MAY. 2018

NAME: StormwatchersRetreat   CITY: Yachats   STATE: OR 
ELEV:    67 ft  LAT:  44° 18' 49" N  LONG: 124° 06' 28" W

                   TEMPERATURE (°F), RAIN  (in), WIND SPEED (mph)

                                      HEAT  COOL        AVG
    MEAN                              DEG   DEG         WIND                 DOM
DAY TEMP  HIGH   TIME   LOW    TIME   DAYS  DAYS  RAIN  SPEED HIGH   TIME    DIR
------------------------------------------------------------------------------------
 1  51.0  56.5   4:20p  47.8   4:10a  14.0   0.0  0.06   6.8  22.0   9:50a     N
 2  51.5  58.7   4:30p  44.0   6:20a  13.5   0.0  0.00   5.5  18.0   3:10p     N
 3  51.0  52.2   2:40p  48.4  12:50a  14.0   0.0  0.00   3.1  13.0   1:40p     N
 4  53.0  58.5   4:40p  50.1   6:10a  12.0   0.0  0.00   2.6  13.0   7:00p     N
 5  54.7  60.9   1:10p  49.8   2:30a  10.3   0.0  0.00   5.3  25.0  11:00p     N
 6  53.5  56.5   4:00p  49.6  11:40p  11.5   0.0  0.00   8.7  25.0   1:50a     N
 7  54.5  62.3   3:40p  47.5   1:10a  10.5   0.0  0.00   2.4  14.0   4:00p     N
 8  55.2  65.5   4:00p  50.0   3:00a   9.8   0.0  0.08   6.3  27.0   8:30p     N
 9  55.4  58.8   3:20p  53.3  11:50p   9.6   0.0  0.00   8.5  25.0  12:50a     N
10  53.8  57.2  11:50a  51.0   5:30a  11.2   0.0  0.11   5.9  23.0   9:20p     N
11  53.7  59.7   3:30p  49.8   4:20a  11.3   0.0  0.00   6.7  20.0   3:40p     N
12  53.4  58.3   1:50p  51.1   6:10a  11.6   0.0  0.00   6.3  19.0   3:20p     N
13  50.6  52.8   5:40p  47.8   7:50a  14.4   0.0  0.00   7.4  24.0   2:10p     N
14  52.8  54.2   3:00p  51.8  12:50a  12.2   0.0  0.00   6.2  22.0  12:40a     N
15  53.0  55.1   5:50p  51.3   5:00a  12.0   0.0  0.00   8.1  17.0  11:30a     N
16  54.6  59.2   2:40p  51.6   2:50a  10.4   0.0  0.01   1.7  11.0  12:10a     N
17  56.1  59.8   4:40p  53.9   5:40a   8.9   0.0  0.00   2.4  12.0   5:00p     N
18  55.7  59.1   1:00p  53.9   5:40a   9.3   0.0  0.00   2.4  13.0   5:20p     N
19  55.7  60.5  12:40p  53.3   6:10a   9.3   0.0  0.03   3.6  14.0   2:30p     N
20  53.8  54.1  12:40a  53.6   1:30a   1.1   0.0  0.00   0.4   3.0  12:10a   ENE
21
22
23
24
25
26
27
28
29
30
31
-------------------------------------------------------------------------------------
    53.7  65.5     8    44.0     2   216.9   0.0  0.29   5.0  27.0     8       N

Max >=  90.0:  0
Max <=  32.0:  0
Min <=  32.0:  0
Min <=   0.0:  0
Max Rain: 0.11 ON 05/10/18
Days of Rain: 4 (>.01 in) 1 (>.1 in) 0 (>1 in)
Heat Base:  65.0  Cool Base:  65.0  Method: Integration
Email: AdamSPAM@StormwatchersRetreat.com (To send me email remove the word 'SPAM' from my email address.)