Stormwatcher's Retreat Logo




  September 
  2019 

(Stormwatcher's Retreat has reports since Sep 2013)
                   MONTHLY CLIMATOLOGICAL SUMMARY for SEP. 2019

NAME: StormwatchersRetreat   CITY: Yachats   STATE: OR 
ELEV:    67 ft  LAT:  44° 18' 49" N  LONG: 124° 06' 28" W

                   TEMPERATURE (°F), RAIN  (in), WIND SPEED (mph)

                                      HEAT  COOL        AVG
    MEAN                              DEG   DEG         WIND                 DOM
DAY TEMP  HIGH   TIME   LOW    TIME   DAYS  DAYS  RAIN  SPEED HIGH   TIME    DIR
------------------------------------------------------------------------------------
 1  63.1  70.0   6:10p  59.9   4:00a   2.4   0.6  0.00   1.7  10.0  11:20a   SSW
 2  64.6  72.7   4:20p  59.9   8:40a   1.7   1.3  0.00   2.5  11.0  10:30p   ENE
 3  63.8  69.8   1:30p  61.1   7:40a   1.9   0.7  0.00   3.8  14.0  12:20p   ENE
 4  61.7  68.3   3:10p  55.8   6:40a   3.8   0.6  0.00   5.1  21.0   4:30p   ENE
 5  58.3  65.4   3:00p  54.0   6:20a   6.7   0.0  0.00   5.8  20.0   7:50p   SSW
 6  60.9  65.0   5:20p  58.0  12:50a   4.1   0.0  0.00   4.1  19.0   1:30a   SSW
 7  61.1  64.0   3:30p  58.6   1:40a   3.9   0.0  0.00   2.4  12.0   6:40p   SSW
 8  61.7  62.6   6:40p  60.5  10:20a   3.3   0.0  0.34   8.0  28.0  12:40p   SSW
 9  62.8  64.9   1:30p  61.1  12:00m   2.2   0.0  0.25   8.9  30.0   7:40a   SSW
10  61.7  64.7   5:30p  59.1  12:00m   3.3   0.0  0.08   3.3  14.0  10:20a   SSW
11  60.4  67.6   5:50p  55.4   6:00a   4.8   0.2  0.00   3.2  14.0   8:50a   ESE
12  62.6  67.6   3:00p  57.8   6:40a   2.8   0.4  0.00   2.9  12.0   4:50a   SSW
13  65.2  72.3   4:30p  62.0   6:30a   1.0   1.2  0.09   2.7  13.0   5:30p     S
14  62.6  66.6   2:00p  57.8   5:20a   2.7   0.2  0.00   2.4  16.0  11:50p   SSW
15  61.1  65.1   3:30a  57.2  10:30a   3.9   0.0  0.75   5.5  31.0   6:50a   SSW
16  60.0  64.8   4:50p  56.4   6:20a   5.0   0.0  0.19   6.4  26.0   3:00p   SSW
17  61.5  63.5  12:30p  59.4  11:10a   3.5   0.0  0.31  13.7  46.0   8:50a   SSW
18  60.3  66.7   5:50p  56.8   7:40a   4.8   0.0  0.32   4.0  26.0   2:20a   SSW
19  61.1  67.7   5:20p  54.9   7:30a   4.2   0.3  0.00   2.4  12.0   8:10a   ESE
20  61.8  67.4   3:30p  58.0   5:20a   3.3   0.2  0.01   1.4   9.0   1:20p     E
21  63.5  70.8   4:00p  58.9   8:10a   2.3   0.9  0.00   3.5  14.0  11:20p   ESE
22  62.0  63.6   5:20p  59.9  12:40a   3.0   0.0  0.13   4.4  19.0  11:40a   SSW
23  60.4  60.7  12:10a  59.8   1:40a   0.3   0.0  0.00   2.1   9.0  12:10a   ESE
24
25
26
27
28
29
30
-------------------------------------------------------------------------------------
    61.8  72.7     2    54.0     5    74.9   6.6  2.47   4.4  46.0    17     SSW

Max >=  90.0:  0
Max <=  32.0:  0
Min <=  32.0:  0
Min <=   0.0:  0
Max Rain: 0.75 ON 09/15/19
Days of Rain: 9 (>.01 in) 7 (>.1 in) 0 (>1 in)
Heat Base:  65.0  Cool Base:  65.0  Method: Integration
Email: AdamSPAM@StormwatchersRetreat.com (To send me email remove the word 'SPAM' from my email address.)