Stormwatcher's Retreat Logo




  July 
  2021 

(Stormwatcher's Retreat has reports since Sep 2013)
                   MONTHLY CLIMATOLOGICAL SUMMARY for JUL. 2021

NAME: StormwatchersRetreat   CITY: Yachats   STATE: OR 
ELEV:    67 ft  LAT:  44° 18' 49" N  LONG: 124° 06' 28" W

                   TEMPERATURE (°F), RAIN  (in), WIND SPEED (mph)

                                      HEAT  COOL        AVG
    MEAN                              DEG   DEG         WIND                 DOM
DAY TEMP  HIGH   TIME   LOW    TIME   DAYS  DAYS  RAIN  SPEED HIGH   TIME    DIR
------------------------------------------------------------------------------------
 1  60.5  63.2   1:30p  59.0   6:40a   4.5   0.0  0.04   4.2  16.0   8:30p   ENE
 2  60.1  64.3   2:10p  57.7  11:30p   4.9   0.0  0.00   7.0  20.0   2:00p   ENE
 3  58.6  61.6   2:00p  56.2   6:30a   6.4   0.0  0.00   7.4  18.0   2:20p   ENE
 4  59.7  64.7   2:50p  56.2   6:40a   5.3   0.0  0.00   7.4  18.0   4:30p   ENE
 5  58.9  63.6   4:50p  55.3  11:50p   6.1   0.0  0.00   8.9  22.0  12:30p   ENE
 6  56.0  59.5   2:40p  53.3   6:30a   9.0   0.0  0.03   5.4  22.0  11:30a   ENE
 7  57.2  62.7   4:30p  53.7   2:50a   7.8   0.0  0.03   2.9  15.0   6:00p   ENE
 8  58.7  63.6   1:10p  55.2   6:50a   6.3   0.0  0.00   5.2  16.0   1:30p   ENE
 9  57.8  61.3   3:40p  55.1   7:00a   7.2   0.0  0.00   7.6  23.0   1:00p   ENE
10  56.6  59.7   3:20p  53.0  11:50p   8.5   0.0  0.01   9.4  24.0  10:40p   ENE
11  55.1  59.3   1:00p  51.7   2:00a   9.9   0.0  0.00   9.9  28.0   2:40p   ENE
12  55.2  59.2   3:20p  51.8   5:50a   9.8   0.0  0.00  10.9  26.0   5:50p   ENE
13  55.5  60.3   2:40p  51.9   4:20a   9.5   0.0  0.00   9.7  26.0  11:30p   ENE
14  56.1  60.6   5:10p  52.6   7:40a   8.9   0.0  0.00   9.3  21.0   5:20p   ENE
15  57.2  61.7   4:00p  53.0   5:00a   7.8   0.0  0.00   7.6  19.0  12:40a   ENE
16  58.4  63.2   6:30p  53.7  12:00m   6.6   0.0  0.00   3.0  14.0   1:10a   ENE
17  57.6  63.7   4:00p  50.4   6:10a   7.4   0.0  0.00   4.3  17.0   2:20p   ENE
18  58.3  63.1   3:20p  51.2   7:20a   6.7   0.0  0.00   6.8  22.0   1:50p   ENE
19  59.8  65.4   4:20p  54.5   6:50a   5.2   0.0  0.00   5.9  16.0   1:40p   ENE
20  59.8  64.8   5:10p  56.2   8:40a   5.2   0.0  0.01   5.9  17.0   3:10p   ENE
21  59.3  65.0   2:50p  52.5   6:00a   5.7   0.0  0.00   5.4  21.0   6:50p   ENE
22  57.0  63.2   5:10p  49.4   6:20a   8.0   0.0  0.00   6.0  22.0   3:30p   ENE
23  58.5  64.4   4:50p  52.4   7:30a   6.5   0.0  0.00   8.0  26.0   4:10p   ENE
24  55.1  59.5   4:50p  50.8   4:20a   9.9   0.0  0.00   9.1  27.0  12:30p   ENE
25  54.4  58.3   3:00p  49.9   6:10a  10.6   0.0  0.00   9.2  26.0   3:30p   ENE
26  55.5  60.2   5:30p  51.1   4:00a   9.5   0.0  0.00   8.6  27.0   1:10p   ENE
27  55.9  62.4   6:30p  49.4   6:10a   9.1   0.0  0.00   7.2  22.0   2:40p   ENE
28  54.5  62.7   7:10p  48.7   5:20a  10.5   0.0  0.00   7.6  23.0   2:20p   ENE
29  54.7  59.8   6:20p  49.0   6:50a   8.9   0.0  0.00   8.6  26.0   3:40p   ENE
30
31
-------------------------------------------------------------------------------------
    57.3  65.4    19    48.7    28   221.7   0.0  0.12   7.2  28.0    11     ENE

Max >=  90.0:  0
Max <=  32.0:  0
Min <=  32.0:  0
Min <=   0.0:  0
Max Rain: 0.04 ON 07/01/21
Days of Rain: 3 (>.01 in) 0 (>.1 in) 0 (>1 in)
Heat Base:  65.0  Cool Base:  65.0  Method: Integration
Email: AdamSPAM@StormwatchersRetreat.com (To send me email remove the word 'SPAM' from my email address.)