Stormwatcher's Retreat Logo




  September 
  2022 

(Stormwatcher's Retreat has reports since Sep 2013)
                   MONTHLY CLIMATOLOGICAL SUMMARY for SEP. 2022

NAME: StormwatchersRetreat   CITY: Yachats   STATE: OR 
ELEV:    67 ft  LAT:  44° 18' 49" N  LONG: 124° 06' 28" W

                   TEMPERATURE (°F), RAIN  (in), WIND SPEED (mph)

                                      HEAT  COOL        AVG
    MEAN                              DEG   DEG         WIND                 DOM
DAY TEMP  HIGH   TIME   LOW    TIME   DAYS  DAYS  RAIN  SPEED HIGH   TIME    DIR
------------------------------------------------------------------------------------
 1  60.1  66.4   3:30p  55.6   6:00a   4.9   0.1  0.00   5.0  18.0   6:20p    NE
 2  57.8  63.0   2:10p  55.0   5:40p   7.2   0.0  0.00   3.7  17.0   2:50a    NE
 3  60.9  67.5   4:00p  56.8   1:10a   4.3   0.2  0.00   3.2  12.0  10:40a     S
 4  60.5  68.4   4:00p  55.0   7:30a   4.7   0.2  0.00   2.1  11.0  10:10p    NE
 5  59.5  65.2   4:20p  53.5  12:00m   5.5   0.0  0.00   7.5  32.0   4:50p    NE
 6  57.1  65.9   5:40p  50.1   6:30a   7.9   0.0  0.00   5.1  24.0   5:10p    NE
 7  56.0  62.1   3:10p  49.7  12:00m   9.0   0.0  0.00   8.0  28.0   5:40p    NE
 8  54.1  59.5   2:40p  47.6   5:20a  10.9   0.0  0.00   6.9  28.0   5:10p    NE
 9  67.0  83.3   7:00p  48.0   2:20a   2.9   4.9  0.00   7.0  27.0  12:00m   ENE
10  64.7  77.6  12:50a  56.2   1:50p   3.2   2.9  0.00  13.1  34.0   7:10p     S
11  59.4  64.6  12:20a  56.5   5:30p   5.6   0.0  0.00   7.4  30.0  12:30a     S
12  58.7  62.6   1:00p  54.9   9:40p   6.3   0.0  0.00   1.6   9.0   3:40p     S
13  58.4  61.3  12:40p  55.3  12:50a   6.6   0.0  0.00   1.2  10.0   1:10a     S
14  56.7  61.7   6:00p  54.8   5:50a   8.3   0.0  0.00   1.7   8.0   5:30p     S
15  58.5  63.6   4:00p  55.5  11:40p   6.5   0.0  0.00   2.6  11.0   4:00p     N
16  58.2  65.3   3:40p  51.4   7:50a   6.8   0.0  0.00   3.6  15.0   6:40p    NE
17  55.5  61.3   2:40p  52.7   7:10a   9.5   0.0  0.00   2.6  14.0   4:30p    NE
18  58.5  68.8   5:40p  53.3   4:20a   6.8   0.3  0.00   2.8  15.0   4:50p     E
19  55.6  61.6   2:10p  51.8   6:30a   9.4   0.0  0.00   3.1  19.0   2:50p     S
20  55.5  59.5   2:40p  51.9   4:30a   9.5   0.0  0.00   2.9  14.0   5:40a     S
21  57.1  60.7   6:50p  53.6   3:30a   7.9   0.0  0.00   4.1  18.0   6:30p     S
22  59.2  63.1   1:30p  53.2   9:50p   5.8   0.0  0.00   5.9  21.0  12:00p     S
23  58.4  64.7   3:40p  54.4   6:30a   6.6   0.0  0.00   5.7  18.0   5:40p     E
24  58.2  62.1   9:20a  53.5   5:20a   6.0   0.0  0.00   6.0  21.0   2:40p   NNE
25
26
27
28
29
30
-------------------------------------------------------------------------------------
    58.6  83.3     9    47.6     8   162.1   8.6  0.00   4.7  34.0    10      NE

Max >=  90.0:  0
Max <=  32.0:  0
Min <=  32.0:  0
Min <=   0.0:  0
Max Rain: 0.00 ON 09/01/22
Days of Rain: 0 (>.01 in) 0 (>.1 in) 0 (>1 in)
Heat Base:  65.0  Cool Base:  65.0  Method: Integration
Email: AdamSPAM@StormwatchersRetreat.com (To send me email remove the word 'SPAM' from my email address.)